, 0 = -5*p + 5*y + 185. List the prime factors of p.
3, 11
Suppose -2*g - 8 = -2*p, 1 = -3*g - 8. What are the prime factors of 2*(-3 + 4) + p?
3
Let i be (0/1)/(-1 + -1). Suppose 8*q + 5*b + 25 = 3*q, i = -q + 3*b + 15. Suppose 2*y - 8 = -q*y, -71 = -5*x + y. What are the prime factors of x?
3, 5
Suppose -k - 2*l + 11 = 0, -k + 3*k - 25 = -l. Suppose -12*j + 13*j - k = 0. Let p = -4 + j. What are the prime factors of p?
3
Let o = 564 + 3683. What are the prime factors of o?
31, 137
Let v = 65 - -965. List the prime factors of v.
2, 5, 103
Let d = -30 - -30. Let n(x) = d*x - 8 - x - 33*x**2 + 32*x**2 - 9*x. List the prime factors of n(-7).
13
Let w = 4285 - 2561. What are the prime factors of w?
2, 431
Let w(a) = -40*a + 14. Let d be w(-4). Let s = -6 + d. What are the prime factors of s?
2, 3, 7
Let t(j) = j**3 - 13*j**2 - 14*j + 4. Let z be t(14). Suppose d + z*d - 400 = 0. Suppose 2*b = d - 10. List the prime factors of b.
5, 7
Suppose -5*g = y - 834, 1 = -y + 5. Suppose 3*w = -7 + g. List the prime factors of w.
53
Suppose -t = -2*x - 7, 3*x = -0*t + 3*t - 18. List the prime factors of (t/(-5))/((-2)/122).
61
Suppose 0 = -0*j + 2*j + 3*i - 76, -3*j = -5*i - 152. Let x = 13 + -6. Let l = x + j. List the prime factors of l.
3, 17
Let t(n) = -55*n + 4. List the prime factors of t(-3).
13
Let y(j) = -69*j + 18. Let r be y(-6). Suppose -4*p = -8 - r. What are the prime factors of p?
2, 5, 11
Suppose -5*x + 6*x = -228. Let v be 8 - (1 + 1)*1. List the prime factors of (-2)/v - x/9.
5
List the prime factors of (2 - -28)/(-1)*528/(-18).
2, 5, 11
Let g(d) = d + 4. Let j be g(-8). Let h be (2 + 2 + -5)*j. Suppose 4*m + 3*s - 112 = s, 0 = -2*m + h*s + 46. What are the prime factors of m?
3
Let l(t) = t + 289. Let m be l(0). Let i = -192 + m. Suppose -5*f - 14 = 2*d - i, 3*d = 3*f + 72. List the prime factors of d.
29
Let d = 3593 - 2517. Suppose 5*n - d = 4*u, -4*u + 38 = n - 158. List the prime factors of n.
2, 53
Let i(c) = -3*c**3 - 26*c**2 + 21*c + 11. List the prime factors of i(-10).
3, 67
Let n = -10 + 14. Suppose 0 = -n*c + c + 168. What are the prime factors of c?
2, 7
What are the prime factors of (-4 - (-102)/30)/((-1)/1805)?
3, 19
List the prime factors of (15 - 12)/((-3)/(-442)).
2, 13, 17
Let y(v) = -3*v**3 - 7*v**2 - 8*v - 100. What are the prime factors of y(-7)?
2, 3, 107
Let b(c) = -c**3 - c**2 - c + 427. What are the prime factors of b(0)?
7, 61
Let t(n) = n - n + n**2 + 2*n**2 + n. List the prime factors of t(1).
2
Let r(c) = -15 + 20*c**2 + 0*c - 6*c + 19*c. List the prime factors of r(4).
3, 7, 17
Let b be (0/(-3))/((-3 - -1) + 1). Suppose b = -151*n + 150*n + 3. List the prime factors of n.
3
Suppose 42 = 3*y - 114. Let a = y + -35. What are the prime factors of a?
17
Let h(w) = -33*w**3 + 2*w**2 - 5*w - 7. What are the prime factors of h(-1)?
3, 11
Let t(q) = -82*q + 122. What are the prime factors of t(-10)?
2, 3, 157
Suppose 10*r - 5*r = 665. Suppose -4*d = 3*v - r, -3*v - d - 3 = -151. What are the prime factors of v?
3, 17
Let w = -24 - -27. Suppose -w*m + 5*p + 124 = 0, -3*m = 2*m - 2*p - 232. List the prime factors of m.
2, 3
List the prime factors of -177*((-19)/3 + 11 + -6).
2, 59
Suppose 0 = -3*d + 8*d - 5. List the prime factors of (4 - 1) + 0 + d.
2
Suppose 2*z - 12 - 24 = 0. Suppose 0 = r + 4*j - 38, -3*r - 4*j + 154 = -2*j. Suppose r + z = 4*v. List the prime factors of v.
2, 3
Let l be (9/6)/((-1)/(-8)). Let n be 2*l*(-1 - -2). List the prime factors of 762/n - (-1)/4.
2
Suppose -4*n + 2*y = -18, 3*n + 4*y - 4 - 4 = 0. Suppose -2*f + 210 = n*z, 5*f + 5*z - 142 - 363 = 0. List the prime factors of f.
97
Suppose -2*c + 7*c = 5*u - 2010, -2*c + 1996 = 5*u. List the prime factors of u.
2, 5
Suppose 21844 = 25*m - 13656. What are the prime factors of m?
2, 5, 71
Let o = -45 + 97. Let y = o - 34. Suppose -k + 5*l + 54 + y = 0, 3*k = l + 230. List the prime factors of k.
7, 11
Let x = 7473 - 3931. What are the prime factors of x?
2, 7, 11, 23
Let j = -935 - -1337. Suppose -w + 7*w - j = 0. List the prime factors of w.
67
Let t be 225/36 - (-1)/(-4). Let h be 3/t - (-9)/2. Suppose h*d + 4*z = -2, 5*d = -0*z + 2*z + 16. What are the prime factors of d?
2
Suppose 20*y = 3345 + 6975. List the prime factors of y.
2, 3, 43
Suppose 7*g + 33 = 2*f + 4*g, 93 = 5*f + 3*g. What are the prime factors of (2 - (-33)/(-18)) + 483/f?
3
Let t = -16 - -4. Let l(p) = p + 16. Let d(h) = h + 17. Let q(w) = 6*d(w) - 5*l(w). List the prime factors of q(t).
2, 5
Let t = -235 + 464. What are the prime factors of t?
229
Suppose -4166 = 2*t - 5*t + 4*o, -o + 1398 = t. What are the prime factors of t?
2, 17, 41
Let x(m) = -4*m - 15. Let b(r) = 3*r + 15. Let y(c) = -5*b(c) - 4*x(c). Let p be y(9). List the prime factors of (12/p)/(6/(-135)).
3, 5
Let u = 2 - 4. Let j(z) be the first derivative of 2*z**3/3 + z**2 + 2*z + 11. List the prime factors of j(u).
2, 3
Suppose -19 = 4*r + 1, 0 = 4*h - 3*r - 8591. What are the prime factors of h?
2, 67
Suppose 15929 = 11*p - 1781. What are the prime factors of p?
2, 5, 7, 23
Let j be (-30)/(-4)*14/21. Suppose -2*m + m + 180 = -3*a, j*m - 3*a - 852 = 0. What are the prime factors of m?
2, 3, 7
Suppose 5*v = p - 826, 3*p + 4*v + v = 2538. What are the prime factors of p?
29
Let a(s) = s**3 - 17*s**2 + 34*s + 25. What are the prime factors of a(17)?
3, 67
Suppose 0 = 5*c - 6*c + 19. Suppose i - c - 12 = 0. What are the prime factors of i/2 + (-7)/(-14)?
2
Let m be (63/45)/((-1)/(-5)). Suppose 0*g = -m*g + 154. List the prime factors of g.
2, 11
Let r(z) be the second derivative of 7/3*z**3 + 1/20*z**5 + 7*z - 11*z**2 + 0 - 5/6*z**4. List the prime factors of r(9).
23
Suppose 4431 + 13489 = 10*y. List the prime factors of y.
2, 7
Let n(v) = -v**2 - 11*v + 6. Let c be n(-9). Suppose c*r + 2191 = 31*r. List the prime factors of r.
313
Let u = -2 + 43. Suppose 5*a - 38 = 2*n, -4*n = 5*a - 3*n - u. List the prime factors of a*2 - (3 + -3).
2
Let y = 703 - -440. List the prime factors of y.
3, 127
Suppose 0 = -6*w + 295 + 185. Let y = w + -47. List the prime factors of y.
3, 11
Suppose 0 = 4*w - 7*w + 45. Let s = w - 24. List the prime factors of ((-102)/s)/((-2)/(-3)).
17
Suppose -3*j - 2121 = -5*o + 2*o, 5*j = 2*o - 1414. List the prime factors of o.
7, 101
Suppose -3*q + 7*q = 0. Let o be 1 + (-3)/(1 - q). Let s(u) = -4*u**3 + u**2. List the prime factors of s(o).
2, 3
Let l(x) = -x**2 - 7*x - 36. Let q(g) = -2*g**2 - 7*g - 37. Let c(r) = 5*l(r) - 4*q(r). List the prime factors of c(12).
2, 79
What are the prime factors of 3*(5 + 680/15)?
151
Let f = 3 + 2. Suppose q + s + 4*s = -2, 4*q + 5*s - 7 = 0. Suppose -4*k - 93 = -f*l, 55 = 5*l - q*k - 36. What are the prime factors of l?
17
Suppose -188 = x - a - 0*a, 5*a = -4*x - 734. Let t = x + 332. What are the prime factors of t?
2, 73
Suppose 2*a + 0*a - 16 = 0. Let u be (-2)/a + 18/8. What are the prime factors of 88/20 - u/5?
2
List the prime factors of ((-6)/(-4))/(7/10990).
3, 5, 157
Let h(n) = -4*n**2 - 3. Let m(s) = 7*s**2 + s + 5. Let k(p) = 5*h(p) + 3*m(p). Let v be k(5). Suppose -7*w + v = -2*w. List the prime factors of w.
2
Let s(g) be the first derivative of 3*g**4/4 - 4*g**3/3 + g**2/2 - 9. Let j(a) be the second derivative of s(a). What are the prime factors of j(4)?
2
Suppose 6 = -5*n + 66. Let v = -8 + n. Suppose 78 = 2*k - v*y, 5 + 4 = 3*y. What are the prime factors of k?
3, 5
Suppose -2*q = r + 37, 0*q + 5*q = r - 89. Let o be q/15*(-10)/4. Suppose -s + 52 = o*s. List the prime factors of s.
13
Suppose -u = r - 42 - 49, 4*r - u - 369 = 0. List the prime factors of r.
2, 23
Let o be 8/(224/12) + (-12)/28. Let i = 1 + -1. Suppose i = -3*m - o*m + 27. What are the prime factors of m?
3
Suppose -403 - 87 = -10*k. What are the prime factors of k?
7
Let d be 3/18*2*15. Suppose -2*g + 201 = 5*h, -g + d*g - 442 = -2*h. List the prime factors of g.
113
Let j(q) = -q**3 + 4*q**2 + 18*q - 5. What are the prime factors of j(-10)?
3, 5
Suppose -1989 + 15507 = 18*d. What are the prime factors of d?
751
Suppose 240 = -14*m + 11*m. Let g = m + 198. List the prime factors of g.
2, 59
Suppose 8*n - 748 = 4*n. Let g = n + -86. What are the prime factors of g?
101
Suppose -2*z - 5*s = -5*z + 2, -s = 4. What are the prime factors of (6 - 3)/(z/(-82)*1)?
41
Let r(